 - 60. Let r be 8 + k - (0 + (1 - 3)). What is w(r)?
10
Let j(v) = -3*v + 4. Let h = -268 + 270. What is j(h)?
-2
Let a(k) be the third derivative of -7*k**6/720 + 5*k**4/12 + 15*k**2. Let n(x) be the second derivative of a(x). Calculate n(-1).
7
Let x(c) = 2*c - 28. Let l be x(16). Let j(v) = 6*v - 4. Let o(y) = 5*y - 4. Let m(t) = l*o(t) - 3*j(t). Determine m(-3).
-10
Let r(y) = -y + 4. Suppose -64 = -231*h + 223*h. Calculate r(h).
-4
Let k be -4 + 4/(-6)*-9. Let g(w) = -9*w + 9*w**2 - 9 + 15*w**2 - 25*w**k. Calculate g(-8).
-1
Suppose 2*h + 9*h - 33 = 0. Let a(k) = -k + 1. Give a(h).
-2
Suppose -2*k = -2*g - 3*k + 50, 4*g - k = 106. Let m = -25 + g. Let p(b) = -2*b**3 + b**2 - 1. Calculate p(m).
-2
Let f(n) be the third derivative of -n**7/840 + n**6/90 + n**5/30 - n**4/12 - 5*n**3/6 + 18*n**2. Let q(c) be the first derivative of f(c). Determine q(5).
-7
Let g(r) = -r - 6. Let v be 24/10 - (-10)/(-25). Let j be -21*1/(1 + v). What is g(j)?
1
Let s be 1*10*270/18. Let p = 153 - s. Let m(x) = -x**3 + 2*x**2 - 2*x + 3. What is m(p)?
-12
Let q = -31 - -27. Let j be 2/1*1*(-6)/q. Let d(r) = -r**3 + 3*r**2 + 4*r - 2. Calculate d(j).
10
Let q(s) be the second derivative of 0 - 1/2*s**2 + 13*s - 1/6*s**3. Determine q(4).
-5
Let l = 1436 + -1449. Let w(q) = q**3 + 14*q**2 + 14*q + 10. Determine w(l).
-3
Suppose -p = 4*p - 15. Let n(h) be the first derivative of -16 + h - 2*h**2 - 1/4*h**4 + 4/3*h**3. Calculate n(p).
-2
Let g = 32 - 30. Let c(w) = -8 - 2*w**2 - 4*w + 3*w**2 - 2 + g. Give c(6).
4
Let i(g) = 9*g**3 + g**2 + 25*g + 7. Let u(s) = 5*s**3 + s**2 + 13*s + 4. Let o(m) = -6*i(m) + 11*u(m). Let b be ((-31)/4*2)/2 - 15274/(-8728). Give o(b).
8
Let p(h) = -h**3 - 3*h**2 + 5*h + 2. Let l be p(-4). Let x be 74/26 + (-8)/(-52). Let z(j) = -x*j - 3*j**3 - 2*j**3 + 7*j**3 - 3 + 2*j**2. Determine z(l).
-5
Let j(n) = n + 14. Let g be j(-7). Let o(d) be the third derivative of d**6/120 - 7*d**5/60 + d**3 - 29*d**2. Calculate o(g).
6
Let t(i) = i**3 - 9*i**2 - 11*i + 13. Let b(g) = -22*g - 34. Let n be b(-2). What is t(n)?
3
Let b(i) be the third derivative of -i**5/60 + 5*i**4/12 - 98*i**2. Give b(11).
-11
Let x(j) = -109 + 49 + 59 - j. Determine x(1).
-2
Suppose 4*h - 63 = 5. Suppose h = 2*a + 9. Let c(s) = -s + 6. What is c(a)?
2
Let w(h) = h**3 - 5*h - 6*h**2 - h - h. Let u = -3581 + 3588. What is w(u)?
0
Let a(p) = -1 + 2*p + 4*p**2 - 3 - 3*p**2. Let x(g) = -11*g - 49. Suppose -3*i + 4*m - 8 = 0, 10*i - 5*i = -4*m - 24. Let z be x(i). Give a(z).
11
Let r(h) be the second derivative of -h**5/20 + h**4/3 - h**3/3 + 9*h**2/2 + h - 28. Determine r(4).
1
Let t(k) = -11*k + 1. Let x be (-3 + (32 - 2))/(-1). Let m = x - -15. Let b = 13 + m. Calculate t(b).
-10
Let q(f) be the second derivative of f**5/20 - 5*f**4/6 + 7*f**3/6 - 13*f**2/2 + 5*f - 92. Determine q(10).
57
Let h(a) = a**3 + 3*a**2 + 2*a + 1. Let d be h(-3). Let i(y) = -y**3 - 6*y**2 - y - 3. Calculate i(d).
-23
Let v(i) = -i**2 - 3*i. Let h(s) = 2*s**2 + 7*s + 1. Let z(k) = 2*h(k) + 5*v(k). Determine z(-3).
-4
Let r(t) = t**3 - 5*t**2 + t + 4. Let f(s) = s**3 - s**2 + s. Let k(d) = 2*f(d) - r(d). Suppose 2*q = -x - 5, 10*x + 5*q + 20 = 5*x. Determine k(x).
-7
Let k(q) = 10*q - 4. Let s(f) = 17*f - 9. Let d(b) = -5*k(b) + 3*s(b). Calculate d(9).
2
Let i(x) = x**3 + 3*x**2 + 4*x. Let p(s) = 4*s**3 + 3*s**2 + 15*s + 5. Let n(t) = 3*i(t) - p(t). Let m be (1 - 3)/((-4)/6). Let w = 2 + m. What is n(w)?
5
Let y = 2191 - 2192. Let v(n) = 7*n**2 + 1. Let r(f) = 6*f**2 + 2. Let x(l) = -2*r(l) + 3*v(l). What is x(y)?
8
Let b(g) = -g**3 - 6*g**2 - 6*g - 5. Suppose -48 + 16 = -8*h. Suppose -h*i - 11 = 2*t + 3, -3*t + 5*i = 10. Determine b(t).
0
Let r(y) be the second derivative of -y**3/6 - 2*y**2 - y + 5. What is r(-9)?
5
Suppose 0*o - 6 = -4*t + 2*o, 5*o - 15 = 0. Let r(i) = 2*i + 1 - 7*i**2 - t*i + i**3 + 3 - 1. Suppose 0*x + 35 = 5*x. Give r(x).
-4
Suppose 73 - 103 = 3*s. Let p(y) = -y**2 - 12*y - 15. Calculate p(s).
5
Let y(x) = -x**2 - 10*x - 13. Let g be y(-7). Let i(z) = -g - 5*z**2 + z**3 + z - 11*z - 4*z**2. What is i(10)?
-8
Let f(j) = -j**2 - 11*j - 5. Let l = -202 - -197. Determine f(l).
25
Let k(o) = o - 1. Let p(w) = 3*w**2 + 17*w + 20. Let x(c) = c**2 + 6*c + 7. Let v(r) = -2*p(r) + 7*x(r). Let l be v(-6). Give k(l).
-4
Let b = 16 + -14. Suppose b*p - 20 = 4. Let h(k) = -p*k + 17*k - 6*k. Determine h(-4).
4
Let f(m) = -11*m**2 + 15*m + 80. Let p(u) = 7*u**2 - 16*u - 78. Let o(z) = -2*f(z) - 3*p(z). Give o(-11).
-3
Let d(v) = 2*v**2 - 22*v + 55. Let u be d(9). Let s(a) = -a**3 + 20*a**2 - 21*a + 30. What is s(u)?
-8
Suppose 19 = -l - 5*h, 6*l - 2*l + 19 = -h. Let c(d) = -2*d**2 - 4*d + 3. What is c(l)?
-13
Let u(z) be the third derivative of -z**4/12 - 13*z**3/6 - 14*z**2 - 14*z. Calculate u(-3).
-7
Let p(g) = -g**3 + 12*g**2 - g + 14. Let j = -449 - -461. What is p(j)?
2
Let f = -32 + 37. Suppose -5*g + 6 = -f*m + 2*m, 5*g + 3*m = 24. Let q(s) be the second derivative of s**5/20 - s**4/6 + s**3/3 - 3*s**2/2 - s. Determine q(g).
12
Let h(a) = -a**2 - 7*a - 4. Suppose -2*t + t - n - 6 = 0, 2*n = -4*t - 24. Calculate h(t).
2
Suppose -4*i - 18 = 14. Let g(o) = o - 2*o - 2 + 0 + 1. Give g(i).
7
Let n(z) = z**3 - 10*z**2 - 4. Let v be ((-5)/(-2))/(270/(-40) + 7). Determine n(v).
-4
Let a(m) = 3*m**2 - 10*m + 4. Let q be a(3). Let v(k) be the first derivative of q - 6*k + 1/2*k**2. What is v(0)?
-6
Let l(p) = p**2 - 2*p + 3. Let a = -1 - -3. Let d be ((2 - 0)*4)/a. Suppose -5*x = -x + d*y - 20, -5*x - 3*y = -21. Give l(x).
6
Suppose -5*x + 46 = -79. Suppose 0 = -l + x - 18. Let y(q) = -q**2 + 7*q + 7. What is y(l)?
7
Suppose -527 - 97 = 48*z. Let v(p) = p**3 + 13*p**2 + p + 8. Determine v(z).
-5
Let f(y) = -y**2 - 9*y - 5. Let z be f(-8). Suppose -3*h = -2*u + 8, u + z*u = -5*h - 28. Let g(r) = -r**3 - 4*r**2 + 1. What is g(h)?
1
Let c = -12 + 15. Suppose -q - 2*q + 12 = c*h, -3*q + 5*h = 4. Let f be (-11)/(-22)*q*1. Let a(v) = 3*v**3 + 2*v**2 - v. Calculate a(f).
4
Let i(l) = 4*l - 3*l + 3*l - l + 71 - 88. What is i(4)?
-5
Let y(o) = o**2 + 3*o + 4. Let c be (-928)/(-10) + (-11 + 5)/(-30). Let b = 87 - c. Determine y(b).
22
Let u(y) = y. Let l(f) = 2*f. Let i(h) = 2*l(h) - u(h). What is i(8)?
24
Let m(j) = 0*j + 4*j - 2 + j. Let r(q) = -3*q**2 + 11*q + 2. Let x be r(4). Determine m(x).
-12
Let q(y) = 3*y**2 - 9*y**2 - 1 - 4 + y**2 + y. Let w(l) = -16*l**2 + 2*l - 16. Let g(k) = -10*q(k) + 3*w(k). Determine g(2).
2
Let j(p) be the third derivative of p**4/8 - 7*p**3/6 - 2*p**2. Let c = -268 - -273. Calculate j(c).
8
Let g(x) = x + 2. Let l(t) = 4*t + 8. Let i(r) = 14*g(r) - 3*l(r). Give i(-11).
-18
Let y be (-148)/(6/3 + -4). Let f = -3 - y. Let p be 2/(-11) - (-371)/f. Let l(o) = -o - 2. Determine l(p).
3
Let l(k) = -2*k + 5. Suppose 100 = -2*a + 102. Let y be 0*a/2 - (8 + -2). What is l(y)?
17
Let i(k) = -k**3 + 2. Let h(r) = -5*r**3 - 8*r**2 - 7*r + 11. Let s(y) = -h(y) + 4*i(y). Let f be 4/(8/(-10)) + -2. Give s(f).
-3
Let k(m) be the third derivative of m**4/12 - m**3/3 + 254*m**2 + m. What is k(8)?
14
Let k(b) = b + 17. Let x be k(-16). Let o be 8/(-16)*x*-4. Let f(v) = o*v**2 + v**2 + v**2 - 5*v**2 + 2. Give f(-3).
-7
Let f be 13/(26/24) - 1. Let b(z) = 4*z**3 - 3*z - 3. Let o(n) = 20*n**3 - 16*n - 16. Let j(a) = f*b(a) - 2*o(a). Calculate j(-1).
-4
Let p(h) = h**3 - 5*h**2 - 9*h + 8. Suppose 19*t - 162 = -8*t. What is p(t)?
-10
Let f = 3 - 5. Suppose -3*b = -2*b - 3*g - 11, 3*g = -b - 1. Let r(y) = -b*y + 4 + 0 - 7. What is r(f)?
7
Suppose -240*o - 15 = -235*o. Let q(n) = 5*n - 1. Give q(o).
-16
Suppose -n - 1 = -5. Suppose l + s = 2, 5*s - 1 = -4*l + 6. Let r(h) = 4*h**2 + 4*h - 4 - h**l + h**2 + 0 - 6*h. Determine r(n).
4
Let p(k) = 5*k - 5. Let y(t) = 6*t - 6. Let c(b) = -5*p(b) + 4*y(b). Suppose -q - 5*i = 3*q - 67, 5*q - 77 = -4*i. Suppose -q*g + 18*g - 15 = 0. Give c(g).
-2
Let h(j) = 12*j**2 + 6*j - 4. Let z(p) = p**2 + p - 1. Let b(k) = h(k) - 8*z(k). Let u be 32/(-24)*(-27)/12. Determine b(u).
34
Let f(s) = s**2 - 1 - s + 5 - 7*s. Let x(g) = -19*g + 14. Let k be x(3). Let u = -38 - k. Determine f(u).
-11
Let a(b) = 3*b**2 + 6*b + 9. Let r(w) = w**2 + 3*w + 5. Let h(v) = -2*a(v) + 5*r(v). Give h(6).
-11
Let p be (-3)/(-10) - 41/164. Let k(q) be the second derivative of -5/6*q*